= -35 - -50. Suppose -2*n = -d - 13, -4*n + 4*d + 13 + x = 0. What are the prime factors of (n/4)/((-6)/(-8))?
2
Let h be (3 - 0 - -2) + -1. Suppose h = -4*o + 12. List the prime factors of o.
2
Suppose 2*r + 0*r = -10. Let n(i) = -i - 5. Let s be n(r). Suppose c = l - s - 7, -37 = -3*l - c. List the prime factors of l.
11
Let c = -45 + 63. Let i = 27 - c. What are the prime factors of i?
3
Let c be 3/(-3)*7*-9. What are the prime factors of (-10)/(-15)*c/6?
7
Let k = 54 - 21. What are the prime factors of k?
3, 11
Let y be -2 - (2 + -3)*-26. Let i = -14 - y. List the prime factors of i.
2, 7
Let b(i) = -i**3 - 8*i**2 - 6*i + 4. Let j be b(-7). List the prime factors of (-49)/(-2) + j/6.
2, 3
Suppose -3*n + 19 + 8 = 0. List the prime factors of 9/6*156/n.
2, 13
Suppose 0*z + 4*r - 23 = z, -2*r + 1 = 3*z. Let f(q) = q**2 - q - 4. Let g be f(z). Let o = -2 + g. What are the prime factors of o?
2, 3
Suppose 3*n + 25 = 5*n + g, 0 = 5*n - 2*g - 58. Let q = n - 6. List the prime factors of (-2)/(-6) + 34/q.
2, 3
Let c = -5 + 10. Suppose 5*a - f = 45, c*a + 5*f - 11 - 4 = 0. What are the prime factors of a?
2
Let l = -9 + 21. Let j = 5 + l. What are the prime factors of j?
17
Let m(u) = -u**2 - 8*u - 4. Suppose 0 = -3*i + 2 + 22. Let x = 3 - i. What are the prime factors of m(x)?
11
List the prime factors of -13*3/(-1) + -2.
37
Let z(k) = -1 + 4 + 3*k + 0*k - 4*k. What are the prime factors of z(-4)?
7
Let g(t) = -t**3 + 4*t + 4. Suppose -5*f = -3*s - 34, 0 = s + f - 3*f + 13. What are the prime factors of g(s)?
19
Let y(u) = u - 3. Let q be y(7). Suppose j = -j + q. Suppose 5*x - 2*r = -4*r + 66, -4*x + 60 = -j*r. List the prime factors of x.
2, 7
Let z = -309 - -644. What are the prime factors of z?
5, 67
Suppose 9*h = 551 + 1375. List the prime factors of h.
2, 107
Let c be (20/(-25))/((-1)/5). Let r(s) = -3*s + 3. Let m be r(-5). Suppose 2*b = c*b - m. What are the prime factors of b?
3
Suppose 3*d + 3*x - 30 = 0, -d - 1 = -2*d - 4*x. Let t = 22 - d. List the prime factors of t.
3
Let f = 2 - 1. Let b(z) = z**3 - 5*z**2 + 4*z - 7. Let t be b(5). Let m = t - f. What are the prime factors of m?
2, 3
List the prime factors of 8 + -6 + 838/(-6)*-3.
421
Let l be (3/(-9))/((-1)/15). Let i be 0 - 0 - (l - -47). What are the prime factors of 4/(-10) - i/5?
2, 5
Let f(z) = z**2 - 1. Let m(s) = -7*s**2 + 10*s - 3. Let o(p) = -6*f(p) - m(p). Let x be o(9). List the prime factors of -1 + -1 + (9 - x).
7
Suppose 4*q - 34 = f, 42 = -3*f + 5*q - 67. Let h = -21 - f. List the prime factors of h.
17
Let i(y) = 19*y**3 - 2*y - 1. Let g be i(-1). Suppose 26 = 2*j - 3*j. Let s = g - j. List the prime factors of s.
2
Suppose 4*l + 5*x - 108 = 3, 2*l - 33 = 5*x. Let j = -15 + l. List the prime factors of j.
3
Let q(u) = 2*u**2 + 3*u - 8. List the prime factors of q(4).
2, 3
Let w(z) = z**2 + 4*z - 2. Let t be w(-5). Let f(i) = -5 - 8*i**2 - 3*i**t - 7*i + 2*i**3 - i. List the prime factors of f(-7).
2
Let q(p) = -8*p**2 - 2*p + 7. Let l be q(-3). Let u = 97 + l. List the prime factors of u.
2, 19
Suppose 2*j - 1348 = -j + 4*z, 3*z + 12 = 0. List the prime factors of j.
2, 3, 37
Let s be (3 - 1)*6/4. Suppose -u = -s*u + 30. What are the prime factors of u?
3, 5
Let h be ((-1)/(-2))/((-1)/24). Let c be (h/2)/(-1) + -2. Suppose 5*m = -2*l + m + 34, -l + c*m - 13 = 0. What are the prime factors of l?
7
Let v(g) = -2*g + 1. Let i(s) = -s**2 - 4*s + 1. Let d(t) = -2*i(t) + 5*v(t). What are the prime factors of d(2)?
7
What are the prime factors of (18/(-8))/((-1)/100) - -2?
227
List the prime factors of (-57)/(-2) - (-30)/20.
2, 3, 5
Let y(z) = 2*z + 6. Let c(l) = -l**2 - 12*l - 14. Let w = -24 + 14. Let j be c(w). List the prime factors of y(j).
2, 3
Suppose 0*j = -3*f - 4*j + 65, 0 = 5*f + 4*j - 95. List the prime factors of f.
3, 5
Suppose 12 = -18*c + 21*c. Suppose -c*w - 75 = -7*w. List the prime factors of w.
5
Let s be 6*(2/4 - 1). Let t = s - -9. Let m = t + -1. List the prime factors of m.
5
What are the prime factors of (-3)/(-1) + 229 - (-2 - 1)?
5, 47
Let p be (-3)/12 + (-18)/(-8). Suppose -1 = -p*m + m. Let s = m - -1. List the prime factors of s.
2
Let x(s) = s**3 - 8. Let f be x(0). Let y = f + 6. What are the prime factors of (20/(-2))/(y - 0)?
5
Let b = 2 + 1. Suppose -3*r - 3 = 3*u, 4*u = b*r + r - 20. What are the prime factors of r?
2
Let y be 4/20 + (-224)/(-5). Let o be (-3)/((y/6)/(-5)). Suppose 5*b + 5*c - 55 = -0*c, -o*b + 4*c = 8. What are the prime factors of b?
2, 3
Suppose -4 = 4*o - 12. Suppose o*s - 3 - 53 = 0. List the prime factors of s.
2, 7
Suppose 2*b + 14 - 32 = 3*g, 4*b - g = 16. Let k(q) = -q**2 + b*q**2 - 8*q - q - 3*q**2 - 4. What are the prime factors of k(-6)?
2, 7
Suppose 4 + 1 = 5*w. Let z(o) = 10*o**3 - o. What are the prime factors of z(w)?
3
Let h = -7 + 26. Let j = h + 1. List the prime factors of j.
2, 5
Let w(a) = 3*a**2 + 6*a + 10. What are the prime factors of w(-4)?
2, 17
Let r(m) = -m**2 + m + 6. What are the prime factors of r(0)?
2, 3
Let t be (1 + -5)*(-18)/8. Let k = t - -17. List the prime factors of k.
2, 13
Suppose 2*l = -l + 243. Suppose -4*r = -4*i + 84, 5*i + 0*i + r = l. List the prime factors of i.
17
Suppose 2*a - 6*a - l = 19, -3*a + l = 9. Let v = a + 2. What are the prime factors of (3 - -2) + v + 5?
2
Let b = 1 + -2. Let q be (2 + -3)/((-2)/52*-2). Let h = b - q. What are the prime factors of h?
2, 3
Suppose 2*u - 2*w = 18, -u + 4*w + 1 = -11. Let c be (4/6)/(u/36). Suppose 0 = -5*s - c*n + 48, 5*s - 4 = 2*n + 39. List the prime factors of s.
3
Let g = -54 + 75. Let q = g - 13. List the prime factors of q.
2
Let g(v) = -16*v - 3. List the prime factors of g(-2).
29
Suppose -4 = 4*z, 5*l + 3*z - 4 - 8 = 0. Suppose -l*x - 4 + 1 = 0. What are the prime factors of x + (-2 - (-8 - 0))?
5
Suppose u + 4 = -3. Let o(z) = -z**3 - 6*z**2 + 5*z - 10. Let s be o(u). List the prime factors of ((-22)/(-8))/(1/s).
11
Let s(u) = -4*u + 4. Let k = -1 + -11. List the prime factors of s(k).
2, 13
Let m be 39 + (2 - -2 - 1). Let n = m + 0. What are the prime factors of n?
2, 3, 7
Suppose f = s - 11, 0*f - 2*f - 14 = 2*s. Let a = -9 - f. Suppose -3*j + a = -12. What are the prime factors of j?
2
Suppose 0 = -5*z - 11 - 9. Let u(a) be the first derivative of -a**4/4 - a**3 + a**2 - 4*a + 2. List the prime factors of u(z).
2
Let r(d) = d**2 + 6*d - 3. Let a be r(-5). Let g = a + 14. List the prime factors of (g/5)/((-9)/(-30)).
2
What are the prime factors of 3/7 + 1 + (-1576)/(-14)?
2, 3, 19
Suppose -3*x + 0*x - 15 = 0, 5*q + 4*x = 20. Suppose s = -2*v + 41, 3*v - 74 + q = -3*s. List the prime factors of v.
19
Suppose -27 = -0*q - 3*q. What are the prime factors of q?
3
Let y(w) = -w + 19. Let g be y(0). List the prime factors of (g/(-2))/(1/(-2)).
19
Let k(j) = 2*j**3 + j + 2. What are the prime factors of k(2)?
2, 5
Let w(s) = s**3 + 9*s**2 + 7*s - 10. Let z = -11 + 3. Let m be w(z). List the prime factors of (m/3)/((-1)/6).
2
Let q(g) be the second derivative of g**4/3 + g**3/3 - 3*g**2/2 + g. What are the prime factors of q(3)?
3, 13
Let i(q) = q**2 + 4*q + 4. Let l be i(-5). Suppose -3*r = -l, -2*r + 20 + 16 = 5*x. What are the prime factors of x?
2, 3
Let i(x) = x**3 - 3*x**2 + 2*x + 3. Suppose y = -3*y - 4. Let d(h) = -3*h**3 - h**2 - 2*h - 1. Let w be d(y). List the prime factors of i(w).
3
Let g = -42 + 153. What are the prime factors of g?
3, 37
Let k = -112 - -198. What are the prime factors of k?
2, 43
Suppose 3*l - 74 = l + 5*w, 2*w = 5*l - 227. What are the prime factors of l?
47
Suppose -4*x + 8 = -0. Let r = 41 - 39. Suppose -3*i = -i + 5*b + r, x*i - 30 = 3*b. List the prime factors of i.
3
Let q(r) = -r**2 - 4*r + 4. Let h be q(-4). Suppose 4*o + o = h*z - 132, -3*o + 72 = 3*z. What are the prime factors of z?
2, 7
Let g(s) = 4*s + 2*s + 2*s - 3. Suppose 4*y = 7 + 1. List the prime factors of g(y).
13
Suppose -29 = -5*j + 16. Suppose -o = -0*o - j. What are the prime factors of o?
3
Suppose 5*g + 7 = -8. What are the prime factors of 16 + 6/g + 3?
17
What are the prime factors of ((-368)/12)/4*-15?
5, 23
Let w = 124 + -53. List the prime factors of w.
71
Suppose -i = t - 0*t, 0 = -2*t - i + 3. Suppose v = -t*v + 96. Let h = 34 - v. What are the prime factors of h?
2, 5
Let n(i) = -i**3 - i**2 - 4*i + 1